 = 25. Is 10 a factor of r?
True
Let h(t) = -2*t**3 + 2*t**2 - 5*t + 4. Let a(l) = -l**2 + l - 1. Let s(k) = -4*a(k) - h(k). Does 26 divide s(2)?
True
Let g be (8 - 0) + 8 + -9. Suppose 0 = -12*l + g*l + 90. Is l a multiple of 6?
True
Suppose 0 = -3*i - 0 + 6, i + 8 = 2*d. Suppose 3*h = -4*c + d*h + 124, -2*h + 4 = 0. Is c a multiple of 16?
True
Let x = -92 + 182. Is x a multiple of 10?
True
Let x(m) = -m**2 - 10*m + 8. Let j be x(-7). Let u be -3*((-46)/(-6) + -2). Let l = u + j. Does 6 divide l?
True
Let a(j) = 15*j + 36. Let o(h) = 8*h + 18. Let f(v) = -4*a(v) + 7*o(v). Does 13 divide f(-11)?
True
Suppose 40 = -2*m + 12*m. Is 4 a factor of m?
True
Suppose 0 = 4*q + 4 - 28. Does 4 divide q?
False
Suppose 7 + 1 = 2*k, -9 = -y + 3*k. Is y a multiple of 8?
False
Let t(u) = -u**3 + 2*u**2. Let l be t(3). Let f(o) = -o**2 - 11*o - 4. Is f(l) a multiple of 6?
False
Suppose 2*b - 984 = -4*b. Is 25 a factor of b?
False
Suppose -3*j = 2*q - j - 308, 4*q - 614 = -5*j. Is q a multiple of 13?
True
Let d(x) = x - 5. Let k be d(5). Suppose k = 5*j - j - 4. Is 9 a factor of 25*j - (3 + -2)?
False
Let b be (-6)/(-15) + 8/5. Suppose -q = b*q - 27. Does 3 divide q?
True
Let m(u) = u**3 + u**2 + u - 4. Is m(4) a multiple of 10?
True
Let c(b) = 2*b**2 - 6*b - 23. Does 33 divide c(7)?
True
Suppose 5*d - 3*h - 390 = 0, d - 3*h - 25 = 53. Does 13 divide d?
True
Suppose -604 = -2*y + 5*o - 141, 5*o = -5*y + 1070. Is 13 a factor of y?
False
Suppose 4*y - 3*a - 4 = 0, 5*y + a - 4 - 1 = 0. Let b be ((-2)/4)/(y/78). Let s = -27 - b. Is 6 a factor of s?
True
Let n(x) = -28*x + 11. Let w(u) = 14*u - 5. Let r(k) = -3*n(k) - 5*w(k). Is 10 a factor of r(4)?
False
Is 20 a factor of ((-4)/2 - 0) + 22?
True
Let l be (4/2)/(-4)*10. Let q(z) = -2*z**2 - 4*z + 1. Let k be q(-3). Is 8 a factor of (-114)/l + (-1)/k?
False
Suppose -c + 6*c = -i + 12, 0 = 4*c - 8. Suppose -5*h - 10 = -30, -4*k + i*h + 72 = 0. Is k a multiple of 10?
True
Let s = 22 - 17. Suppose -9 = -s*u + 71. Does 8 divide u?
True
Let b(q) = -q - 5. Let i be b(-8). Suppose 0 = -2*l - i*f + 21, 3*f = -4*l + 29 + 28. Does 7 divide l?
False
Let d(p) = -p**3 - p**2 - 3*p + 4. Let t be d(-3). Suppose 3*h - 5*v = -t, -5*v = 4*h - h - 19. Does 6 divide (-4)/h - 3 - -14?
False
Let b be (1/(-2))/(6/(-36)). Let l(a) = a**2 - a. Let h be l(b). Suppose -q - h + 28 = 0. Is 10 a factor of q?
False
Suppose -n = n - 6. Suppose n*z = -2*m + 88, 2*z - 57 + 11 = 5*m. Suppose l + l = z. Is l a multiple of 7?
True
Suppose -4*b + 0 + 8 = 0. Suppose 5*m = b*m + 84. Is 14 a factor of m?
True
Let y = -8 - -12. Suppose -y*r = -0*r. Suppose 0*x - 2*x + 30 = r. Is x a multiple of 10?
False
Let a(j) = j + 3. Let k be a(-7). Is 410/8 + k/16 a multiple of 24?
False
Let w be (-2)/(-8) - 196/16. Let x = -6 - w. Does 5 divide x?
False
Let q(i) = i - 3. Let n be q(6). Suppose n*z - 31 = 4*j, 0*j + 3*j - 58 = -4*z. Suppose -p + z = -0*p. Is 5 a factor of p?
False
Suppose 2*r = -5*o + 4, -3*r = 2*o - r + 2. Is 5 a factor of (-184)/(-20) + o/(-10)?
False
Does 15 divide (0 + -55)/((-3)/(4 + 5))?
True
Suppose 3*b - 20 = -2*b. Suppose -b*g = -7*g + 27. Does 8 divide g?
False
Suppose -3*q - 5*c + 150 = 0, c = -3*q + 5*c + 177. Does 7 divide q?
False
Let u be 10/(1 + 0 + 1). Suppose -u*n = -5*r - 0*r - 110, 3*n + 4*r - 66 = 0. Is 11 a factor of n?
True
Let r(v) = 5*v - 13. Let s be r(13). Suppose -5*u = a + a - s, -4*u - 2*a = -42. Is 3 a factor of u?
False
Suppose 3*n - 4*n + 56 = 0. Does 13 divide n?
False
Suppose 2*n = 4*z + 24, 5*n - 6 = 2*z + 6. Is (-5)/(8/z + 1) a multiple of 3?
True
Does 30 divide (-59 - -2)*(-2 - (-20)/(-15))?
False
Suppose 3*z - 1 = 5, -5*s = -z - 478. Let l = s - 38. Is 16 a factor of l?
False
Let o = -1 - -1. Suppose -3*r = -5*z + 117, z - 8*r + 4*r - 37 = 0. Suppose o = 2*v + 5 - z. Is 3 a factor of v?
False
Let l = 36 - 21. Is l a multiple of 5?
True
Suppose -5*f = -f - 308. Is f a multiple of 11?
True
Is (0 - 17)*(-10 - -4 - -1) a multiple of 17?
True
Suppose 2*n - 213 = -n. Is n a multiple of 8?
False
Let s be 4/(-3) - 10/15. Does 15 divide ((-20)/8 - s)*-38?
False
Let r(w) = -8*w**3 - 3*w**2 - 4*w - 2. Is 12 a factor of r(-2)?
False
Let t(b) = b**3 + b**2 - b + 49. Does 20 divide t(0)?
False
Let p(q) = -q**2 - q + 5. Let r be p(-4). Is 2/r - (-2248)/28 a multiple of 20?
True
Let r(o) = 4*o + 6*o - 4*o + o**2 + 3 - 1. Is 9 a factor of r(-7)?
True
Is 16 a factor of 4 + -5 + 4 - -13?
True
Suppose -5*g + 43 = 2*m - 16, 5*m - 4*g = 164. Let p = 10 + m. Is p a multiple of 21?
True
Let g be (3 + 2)*4/5. Suppose g = -c + 9. Suppose 5*r = -2*l - 0*r + 22, c*r = 2*l - 22. Is 8 a factor of l?
False
Suppose 3*r = -5*n + 83, 0 = -8*r + 13*r - 2*n - 190. Does 9 divide r?
True
Let j(l) be the third derivative of -l**5/60 - l**4/4 + l**3/3 - 4*l**2. Let v be j(-5). Let b(u) = -u**3 + 6*u**2 + 11*u - 6. Is b(v) a multiple of 9?
False
Let c(f) = -f - 1. Let l(g) be the second derivative of -g**3/2 - 5*g**2/2 + g. Let j(p) = 2*c(p) - l(p). Does 6 divide j(9)?
True
Suppose -89 = 3*f + 40. Let u = f + 91. Does 12 divide u?
True
Suppose 3*b - 40 = 8*b. Let d = -11 - b. Is 11 a factor of (-132)/(-9) - (-2)/d?
False
Suppose 642 = 3*s - 174. Is 36 a factor of s?
False
Let r(a) = -3*a**2 - a. Let x be r(2). Is (-4)/x + (-136)/(-14) a multiple of 10?
True
Let p(w) = 2*w**2. Let n be p(-1). Let u be (-1*2)/n - -3. Suppose -12 + u = -2*c. Is c even?
False
Suppose 0 = -4*r + 2*r + 2. Let y be (-1)/r*1 - 7. Let k = y - -40. Does 13 divide k?
False
Let z(v) = 9*v - 9. Is 3 a factor of z(2)?
True
Let j be -80*(-1)/(-2 + 3). Suppose 2*x = -3*x + j. Is 5 a factor of x?
False
Let y(d) = 17 - 7*d - 18 + 11 + d**2. Does 18 divide y(8)?
True
Let h = -53 - -149. Is h a multiple of 31?
False
Suppose 72 = 5*k - k. Is 11 a factor of k?
False
Does 10 divide (-2 - -2 - -30)*2?
True
Let l be (-2)/(-11) + 1446/33. Let b = l - -4. Does 24 divide b?
True
Let r(f) be the first derivative of f**4/4 + 5*f**3/3 - f**2 - 2*f - 7. Does 11 divide r(-4)?
True
Let l(n) = n**3 + 5*n**2 + 4*n + 2. Let g = 18 - 20. Does 2 divide l(g)?
True
Let g = -8 - -13. Suppose -c - 4*k + 55 = 20, -98 = -3*c - g*k. Is 16 a factor of c?
False
Suppose -239 = -5*y + 3*t, 0 = -5*y - 2*t - t + 221. Let k = 83 - y. Suppose -4*u + k = -23. Is 15 a factor of u?
True
Let u = -8 - -5. Suppose k - 1 = -3*f, -2*f + 16 = -3*k + 74. Let n = k + u. Is 13 a factor of n?
True
Let o(j) = j**2 + 5*j - 2. Let f(c) = -c + 2. Let p be f(-4). Let a be 31/6 - 1/p. Is 13 a factor of o(a)?
False
Suppose -5*p + 5*d + 40 = -20, 4*p - 16 = -4*d. Does 8 divide p?
True
Does 36 divide 0/1 + (93 - 1) + 0?
False
Suppose 0 = 3*s + 5*k - 91 + 25, -4*s = 2*k - 88. Does 11 divide s?
True
Let v be 141/6*(-2)/1. Let a(l) = -19*l - 15. Let d be a(-5). Let x = d + v. Is x a multiple of 21?
False
Suppose 4*g - 5*w - 88 = 0, 2*g = 7*g + 2*w - 110. Does 3 divide g?
False
Let u = 25 + -19. Let n(t) = t + 14. Does 5 divide n(u)?
True
Suppose -3*z + 40 = -26. Suppose 0 = 5*k + 3*v - z, -3 = k + 2*v - 13. Is (-1410)/(-40) - k/8 a multiple of 13?
False
Let b(r) = -r**3 + r**2 - r + 27. Let z be b(0). Suppose 3*o = 2*g + 71, -2*g + z = o - g. Is 14 a factor of o?
False
Let o(t) = t**3 - 7*t**2 - 9*t + 7. Let m be o(8). Let u(y) = -22*y + 1. Let n be u(m). Suppose 21 = 2*b - n. Is b a multiple of 12?
False
Suppose 0 = 3*s - 4 - 2. Let k be (-4 - 1)/(s/(-4)). Suppose -2*u + k = 3*u. Is u a multiple of 2?
True
Let s be 225/21 - 2/(-7). Let k = s - -3. Does 7 divide k?
True
Let i(x) = -3*x + 3 + 0*x + 3 + 0*x. Is i(-5) a multiple of 14?
False
Let m(x) = x - 4. Let y be m(8). Suppose -2 = 4*a - 2*b, 0*a + y*b - 30 = -5*a. Suppose 16 = 2*g + a*g. Does 2 divide g?
True
Let x(v) = -v**3 + 3*v**2 + 6*v - 6. Let f be x(4). Suppose 8 = -f*g + 60. Does 21 divide g?
False
Suppose -3*r + 8 = 2. Suppose 13 + 77 = 3*y. Suppose -y = -r*q - q. Is q a multiple of 10?
True
Let q(k) = -k + 21. Let s = 34 + -22. Let l be q(s). Let u(p) = -p**2 + 12*p - 3. Does 15 divide u(l)?
False
Let m(k) = 8*k + 87. Is m(-9) a multiple of 2?
False
Let f = -5 - -46. Is 7 a factor of f?
False
Suppose 5*y = 4*y + 15. Does 13 divide y?
False
Let q(w) = 11*w + 5. Is 7 a factor of q(3)?
False
Suppose 4*o = 175 - 23. Let f = o - 17. Suppose -2*n = -17 - f. Does 19 divide n?
True
Suppos